 3. Let k(c) = -11*c**3 + 6*c**2 - 1. Let r(h) = -17*k(h) + 6*w(h). Calculate r(-1).
10
Let v(c) = 6*c. Let j(s) = 5*s. Let p(u) = -5*j(u) + 4*v(u). Let h be p(5). Let x(r) = -r + 2. Calculate x(h).
7
Suppose -4*z = -z + s - 17, -5*s = -z - 21. Suppose -2*o + 10 = z*i - 2*i, 3*o - 5*i = -17. Let q(h) = -8*h**2 - h + 1. What is q(o)?
-8
Let d = 3 - 9. Let s(c) = 5 - 3 - 1. Let q(l) = 2*l + 10. Let j(m) = d*s(m) + q(m). What is j(-3)?
-2
Suppose 0 = b - 4*b. Let u(x) = b*x + 0*x + x - 1. Determine u(1).
0
Let p = 7 - 4. Let a(n) = n**2 - 3*n + 2. What is a(p)?
2
Let j(a) = 20*a + 2 + 16*a + a**2 - 36*a. Determine j(2).
6
Suppose 0 = q - x + 2*x - 47, x + 88 = 2*q. Suppose -4*h = -3*t + q, 0 = 2*t + h - 21 - 9. Let r be (-5)/(t/6) + -2. Let w(k) = -2*k + 1. Determine w(r).
9
Let k(y) = 3*y**3 - 32*y**2 + 32. Let x(c) = -c**3 + 11*c**2 - 11. Let o(g) = 6*k(g) + 17*x(g). Let d be -6*(-2 - 7/(-6)). Calculate o(d).
5
Let s(v) = -v**2 - 6*v - 5. Let m = -16 + 11. Calculate s(m).
0
Let q(r) be the first derivative of r**6/120 - r**5/20 - r**4/8 + r**3/6 + r**2 + 5. Let h(y) be the second derivative of q(y). Determine h(3).
-8
Let x(y) = -5*y**2. Suppose -4 = -2*k - 2. Let m(b) = b**2 - 12*b - 13. Let c be m(13). Let z be (c - k) + (1 - -1). Determine x(z).
-5
Let z = -3 - -5. Let r(m) = 4*m - 7*m - 4 + z*m. Determine r(3).
-7
Suppose 0 = -q + 2*s, 5*q + 0*s = s. Let c(h) = h**2 + q*h + 4*h - h**2 + h**2 + 2. Let i = -4 + 1. What is c(i)?
-1
Let r = 9 + -6. Let k(q) = r - 4 + 4 + 2*q. Give k(-4).
-5
Let z(g) = g**2 + 0*g**2 - 5*g**3 + 3*g**3 - 2*g + 2 + g**3. Give z(2).
-6
Let a(d) = 8 + d**2 - 3*d - 2*d**2 - 4. Calculate a(-3).
4
Let u(p) = 6*p**3 + p**2. Suppose 29*g + 2 = 27*g. Calculate u(g).
-5
Let z(c) be the third derivative of -c**6/120 + 7*c**5/60 - 7*c**4/24 + c**3/2 + 11*c**2. Let f be 6*(3 + (2 - 4)). Calculate z(f).
-3
Let c(d) = d**3 + 357 - 3*d**2 - 357 - 2*d. Determine c(3).
-6
Let x(d) = -d**2 - 3*d + 7. Let z = -6 - -10. Let h(p) = z*p - 5*p + 0*p. Let a be h(5). Determine x(a).
-3
Let s(o) be the second derivative of -o**3/6 - o**2/2 + 6*o. Suppose 3*l - 4*u - 18 = 1, -3*u - 15 = -3*l. Calculate s(l).
-2
Let f(m) be the second derivative of -m**3/6 - 4*m**2 + 2*m. Let n(a) = 4*a + 33. Let d(h) = 9*f(h) + 2*n(h). Determine d(0).
-6
Let q(p) = -5*p - 2. Suppose 2*g - w = 0, 11 + 5 = 4*w. Determine q(g).
-12
Let x(h) = -h**3 + h**2 - h. Let f(p) = p**3 - 7*p**2. Let y be f(7). Let s = y - -2. Give x(s).
-6
Let y(c) = -c**2 + 8*c - 8. Let w be (-6)/(-9) - 30/(-9). Suppose -w*v = 9 - 33. Give y(v).
4
Let n(f) = f**3 + 4*f**2 - f - 4. Let v be n(-4). Let r(j) = j**3 + j - 1. What is r(v)?
-1
Let x(s) be the third derivative of -s**4/24 + 6*s**2. Calculate x(-1).
1
Let s(p) be the second derivative of -p**4/6 - p**3/2 + 2*p**2 - p. Suppose 7*i = 5*i - 4*t - 12, -5*t + 25 = 0. Let h be (-2)/i*4*-6. Give s(h).
-5
Let z(w) = w**3 - 4*w**2 - 2*w + 5. Let b(n) = -n**2 + 6*n + 20. Let l be b(8). Calculate z(l).
-3
Let o(z) be the first derivative of -3*z**2/2 + z + 5. Give o(-1).
4
Let p = -8 - -4. Let o(u) = 3 + u**3 + 12 + 3*u + 5*u**2 - 16. Determine o(p).
3
Suppose -3 + 11 = -2*z. Let q(t) = -t + 4. What is q(z)?
8
Let x(l) = 4*l**2 - 2*l + 1. Let d(s) = -3*s**2 + s. Let v(y) = 3*d(y) + 2*x(y). Let n be (-2)/(-3)*(3 - 0). Calculate v(n).
-4
Let l(a) = a**2 - 10*a + 1. Let t be l(10). Let o(j) = -11*j**2 + 1. Give o(t).
-10
Let s(h) be the first derivative of -h**4/4 + 2*h**3 + 4*h**2 - 6*h + 3. Determine s(7).
1
Let g = 77 - 74. Let v(l) = l - 2 - 3*l + l. What is v(g)?
-5
Let u(n) = 2*n - 3 + 3. Let s = 8 - 7. What is u(s)?
2
Let s(c) = -3*c - 12. Let y be s(-5). Let l(m) = 2*m**2. Calculate l(y).
18
Let j(d) = 11*d**3 + d**2 - d + 1. Suppose -5*y - q = -46, -3*y + q + 1 = -33. Suppose 5 = -5*l - y*i + 5*i, -5*l = -2*i - 9. Determine j(l).
12
Let p(l) = -l**3 + 4*l**2 - 4*l + 1. Let b(y) = 2*y + 4. Let m be b(3). Suppose 2*i + 2 = -2*r, r + r - i = m. Give p(r).
-2
Let g(b) = b**3 + 3*b**2 - 3*b - 4. Let y = -14 + 8. Let l = -10 - y. What is g(l)?
-8
Let y(q) = 6*q + 4*q - 11*q + 0*q. What is y(4)?
-4
Suppose 5*d - 2*p - 1 + 5 = 0, 5*d - p = -2. Let o(v) = v**3 - v - 3. Calculate o(d).
-3
Let c(q) = -q**2 - q. Let i(x) be the third derivative of -x**5/60 - x**4/3 - x**3 - x**2. Let u be i(-6). Let v = u - 6. Determine c(v).
0
Let y(x) = 6*x**3 - 3*x**2 + 6. Let l(a) = -7*a**3 + 3*a**2 - a - 7. Let p(f) = -f**3 - 6*f**2 - f. Let z be p(-6). Let v(i) = z*y(i) + 5*l(i). Determine v(4).
-3
Suppose 3*c - 4 = 7*c. Let l(k) = 1 + 11*k + 4 - 4. Give l(c).
-10
Let v(j) = 6*j + 7. Let t(w) = 3*w + 3. Let x(y) = -7*t(y) + 3*v(y). Calculate x(6).
-18
Let c be (-35)/(-14) + (-1)/2. Let o(q) = -q**2 + 6*q + 2. Let v(x) = 2*x**2 - 11*x - 3. Let k(j) = 7*o(j) + 4*v(j). What is k(c)?
2
Let u = -8 - -12. Suppose u*x = -0*x + 5*h - 16, -3*x = -5*h + 17. Let g(w) = -2*w - x - 3 + 2. Give g(-3).
4
Let h(l) be the first derivative of l**4/4 + 14*l**3/3 + 6*l**2 - 16*l - 25. Determine h(-13).
-3
Let a(z) be the first derivative of z**2/2 + 7*z - 1. Let o be a(-7). Let v(d) be the third derivative of d**4/24 - 2*d**3/3 - 8*d**2. Give v(o).
-4
Let f(o) be the first derivative of 3*o**4/2 - 5*o**3/3 - 5*o**2/2 - 8*o + 3. Let t(c) = -7*c**3 + 6*c**2 + 6*c + 9. Let z(v) = -6*f(v) - 5*t(v). Give z(0).
3
Let h(a) = a - 4. Let f be h(6). Let t(b) = 3 - 4*b - 5 + 0*b**f - 3*b**2. Determine t(-2).
-6
Let t(k) = 1 - 2*k - 5*k**2 + 4*k**2 - k**2 - 4*k**2. Let d be 2/8 - 12/(-16). Determine t(d).
-7
Suppose -2*g = 5*l, -5*l - 5*g + 13 = 28. Let z(j) = -5*j - 2. Give z(l).
-12
Let t(v) = 2*v**2 + 5*v - 4. Let d(g) = -g**2 - 5*g + 3. Let h = 0 + 2. Let u(l) = h*t(l) + 3*d(l). Let k(i) be the first derivative of u(i). What is k(4)?
3
Let y(x) = 0 - 2 - 4*x - 1. Let g = 16 - 18. What is y(g)?
5
Let a be (5/2)/(4/8). Suppose a*l = -d - 13, 4*d + 6 = -6. Let m(t) = 2 - 8*t + 3*t**3 + 2*t**2 + 9*t - t**3. What is m(l)?
-8
Let f(b) be the first derivative of -b**4/4 - 5*b**3/3 - 2*b**2 - b - 2. Suppose 2*s = 4*x - 10, -5*s + 21 + 24 = 4*x. Suppose -x*g + 5 = 25. What is f(g)?
-1
Let n(h) = -h**2 - 5*h. Let p(q) = 4*q + 5 + 0 - 3*q. Let l be p(-9). Determine n(l).
4
Let z(r) = -r**2 - 2*r + 2. Let d be z(-3). Let t(o) = -3*o. Calculate t(d).
3
Suppose 0*n = -n + 20. Let i be ((-10)/25)/(2/n). Let w(s) = s**2 + 5*s + 1. Give w(i).
-3
Let k(o) be the third derivative of -o**5/120 - o**4/8 + o**3/2 + 3*o**2. Let q(c) be the first derivative of k(c). Suppose 3*u = -u - 20. Determine q(u).
2
Suppose -2*a - 9 = -3*x, 9 - 24 = -3*x. Let p(c) be the second derivative of c + 0 - 1/6*c**a + 7/2*c**2. What is p(3)?
4
Let a = 112 + -51. Suppose 3 = -t, 2*l = -2*l - 5*t + a. Suppose -5*u - 3*j = l, 0*u - 5*u - 27 = -j. Let y(f) = f**3 + 4*f**2 - 4*f + 2. Give y(u).
-3
Let n(s) = 7*s**2. Suppose -2*j + 2 = -0*j. What is n(j)?
7
Let y(o) = o**3 - o**2 - o + 4. Let p be 2*(-6)/(-3) + -2. Suppose -b = -4*l - 0*l - 1, 5*l - p = -2*b. Calculate y(l).
4
Let u = -51 - -44. Let n(h) = h + 3. Calculate n(u).
-4
Let i be ((-3)/(-4))/(2/16). Let o be (i/5)/(8/20). Let j(s) = -4*s - 3*s**3 + s**2 + s**3 + 2*s**2 + o. Give j(2).
-9
Let m(d) = -d**2 - 8*d - 3. Let u be m(-6). Let w(p) = -p**2 + 10*p - 6. What is w(u)?
3
Let c(g) = -3*g - 2. Suppose -4*y - 2 = 10. Give c(y).
7
Let d(w) = -w**3 - 5*w**2 - 3*w - 1. Let u(s) = s**2 - 6*s + 3. Let k be 2/(-5) + (-81)/(-15). Let h be u(k). Determine d(h).
-7
Let z(x) = -7 - 4*x**2 - 7*x + 4*x**2 - 5*x + x**2. Determine z(12).
-7
Let p(h) = -6*h - 7 - 7 + 7*h + 8. Give p(6).
0
Let a(l) be the first derivative of 1 + 3/2*l**2 + 0*l**3 + 1/12*l**4 + 3*l. Let h(c) be the first derivative of a(c). What is h(0)?
3
Let m(b) = 2*b - 1 + 4*b**2 + 5 - 5*b - b**3. What is m(3)?
4
Suppose 32 = 2*z + 4*w, 43 = 5*z - 2*z + 5*w. Let l be (4/z)/(4/54). Let k(o) = l*o**3 - 2*o**3 - o**3 - o + 2*o**2. Calculate k(1).
7
Let a(y) = y + 1. Let r(o) = 4. Let j(d) = -3*a(d) - r(d). Suppose -t = 2*t + 3. Let s(q) = -q. Let w(i) = t*s(i) + j(i). Determine w(-6).
5
Let n(v) be the first derivative of -v**4/4 + 5*v**3/3 - 5*v**2/2 - 4*v - 3. Let h be (-1)/((-2)/22)*1. Suppose -5*d = -4*k - k + 45, 3*d = -k - h. Give n(k).
-8
Let r(v) = -v. Let x(d) = 7*d - 4. Let q(w) = 6*r(w) + x(w). Determ